{"id":219,"date":"2020-05-18T10:14:42","date_gmt":"2020-05-18T10:14:42","guid":{"rendered":"https:\/\/modernshop.liquid-themes.com\/elementor\/?post_type=product&#038;p=219"},"modified":"2023-06-20T22:11:05","modified_gmt":"2023-06-20T22:11:05","slug":"cumplimiento-con-la-ley-federal-de-competencia-en-mexico","status":"publish","type":"product","link":"https:\/\/concamin.comenor.org.mx\/index.php\/product\/cumplimiento-con-la-ley-federal-de-competencia-en-mexico\/","title":{"rendered":"Cumplimiento con la Ley Federal de Competencia en Me\u0301xico &#8211; ID 002"},"content":{"rendered":"","protected":false},"excerpt":{"rendered":"<p><span style=\"color: #000080;\"><b>Una vez que realices tu registro, a m\u00e1s tardar en 3 d\u00edas h\u00e1biles, te llegar\u00e1 un correo electr\u00f3nico (a la direcci\u00f3n que hayas registrado) de \u00a1Bienvenida! al curso con las indicaciones pertinentes.<\/b><\/span><\/p>\n","protected":false},"featured_media":6095,"template":"","meta":[],"product_cat":[32],"product_tag":[],"_links":{"self":[{"href":"https:\/\/concamin.comenor.org.mx\/index.php\/wp-json\/wp\/v2\/product\/219"}],"collection":[{"href":"https:\/\/concamin.comenor.org.mx\/index.php\/wp-json\/wp\/v2\/product"}],"about":[{"href":"https:\/\/concamin.comenor.org.mx\/index.php\/wp-json\/wp\/v2\/types\/product"}],"wp:featuredmedia":[{"embeddable":true,"href":"https:\/\/concamin.comenor.org.mx\/index.php\/wp-json\/wp\/v2\/media\/6095"}],"wp:attachment":[{"href":"https:\/\/concamin.comenor.org.mx\/index.php\/wp-json\/wp\/v2\/media?parent=219"}],"wp:term":[{"taxonomy":"product_cat","embeddable":true,"href":"https:\/\/concamin.comenor.org.mx\/index.php\/wp-json\/wp\/v2\/product_cat?post=219"},{"taxonomy":"product_tag","embeddable":true,"href":"https:\/\/concamin.comenor.org.mx\/index.php\/wp-json\/wp\/v2\/product_tag?post=219"}],"curies":[{"name":"wp","href":"https:\/\/api.w.org\/{rel}","templated":true}]}}